hen 37151687 is divided by 4746?
4745
Calculate the remainder when 55154263 is divided by 134.
131
Calculate the remainder when 4587131 is divided by 39888.
11
Calculate the remainder when 796731 is divided by 64.
59
What is the remainder when 43618 is divided by 1166?
476
What is the remainder when 776813 is divided by 192?
173
What is the remainder when 33635 is divided by 139?
136
Calculate the remainder when 79410858 is divided by 882.
870
What is the remainder when 578024 is divided by 1053?
980
What is the remainder when 3647569 is divided by 77?
2
Calculate the remainder when 1621254 is divided by 540339.
237
What is the remainder when 19438 is divided by 4709?
602
Calculate the remainder when 551620 is divided by 2189.
2181
What is the remainder when 3451211 is divided by 115040?
11
Calculate the remainder when 216726 is divided by 388.
222
What is the remainder when 596181 is divided by 1127?
1125
What is the remainder when 5110546 is divided by 47?
1
Calculate the remainder when 347965 is divided by 319.
255
What is the remainder when 156117 is divided by 1561?
17
What is the remainder when 484256 is divided by 196?
136
Calculate the remainder when 564859 is divided by 56474.
119
What is the remainder when 47554833 is divided by 42?
39
What is the remainder when 39769 is divided by 38598?
1171
Calculate the remainder when 154507 is divided by 736.
683
Calculate the remainder when 37059117 is divided by 324.
321
What is the remainder when 109260349 is divided by 25?
24
What is the remainder when 287932 is divided by 157?
151
Calculate the remainder when 5448933 is divided by 39484.
141
What is the remainder when 60798463 is divided by 3087?
3085
What is the remainder when 47886554 is divided by 49?
30
Calculate the remainder when 1303137 is divided by 1726.
7
Calculate the remainder when 535069 is divided by 178341.
46
What is the remainder when 73639 is divided by 14523?
1024
Calculate the remainder when 22783374 is divided by 32.
14
What is the remainder when 41077628 is divided by 14894?
14870
What is the remainder when 12060115 is divided by 189?
25
Calculate the remainder when 1424218 is divided by 71209.
38
Calculate the remainder when 1409854 is divided by 5802.
5770
Calculate the remainder when 1919720 is divided by 17612.
12
Calculate the remainder when 5354691 is divided by 411895.
56
What is the remainder when 221305 is divided by 221240?
65
Calculate the remainder when 209301 is divided by 3321.
78
Calculate the remainder when 1396939 is divided by 1602.
1597
Calculate the remainder when 104418793 is divided by 44892.
1
Calculate the remainder when 234016 is divided by 1162.
454
Calculate the remainder when 230672 is divided by 147.
29
Calculate the remainder when 17082 is divided by 517.
21
Calculate the remainder when 12813648 is divided by 557115.
3
Calculate the remainder when 16600 is divided by 1067.
595
Calculate the remainder when 48668716 is divided by 54.
28
What is the remainder when 523286 is divided by 174351?
233
Calculate the remainder when 214704 is divided by 1234.
1222
Calculate the remainder when 7198 is divided by 726.
664
What is the remainder when 713090 is divided by 178270?
10
Calculate the remainder when 6461517 is divided by 121915.
22
Calculate the remainder when 3630904 is divided by 31.
29
Calculate the remainder when 1502343 is divided by 20030.
93
What is the remainder when 3747645 is divided by 9634?
19
Calculate the remainder when 2686001 is divided by 19604.
253
What is the remainder when 414287 is divided by 414249?
38
Calculate the remainder when 3527037 is divided by 176351.
17
What is the remainder when 1468444 is divided by 106?
26
Calculate the remainder when 2274243 is divided by 28428.
3
What is the remainder when 37623 is divided by 1326?
495
What is the remainder when 96640229 is divided by 32213396?
41
Calculate the remainder when 315440634 is divided by 39.
15
Calculate the remainder when 115399 is divided by 36884.
4747
What is the remainder when 575409 is divided by 2339?
15
What is the remainder when 3060589 is divided by 420?
49
Calculate the remainder when 29303111 is divided by 1101.
1097
Calculate the remainder when 129228727 is divided by 105064.
7
Calculate the remainder when 1560673 is divided by 64.
33
Calculate the remainder when 361592 is divided by 480.
152
What is the remainder when 42828082 is divided by 432606?
88
What is the remainder when 63608 is divided by 6945?
1103
What is the remainder when 127015 is divided by 31752?
7
What is the remainder when 213373 is divided by 70?
13
What is the remainder when 400805241 is divided by 1317?
1314
Calculate the remainder when 9694 is divided by 2210.
854
What is the remainder when 913360 is divided by 8882?
7396
What is the remainder when 516352312 is divided by 129088076?
8
Calculate the remainder when 20751204 is divided by 1945.
1944
What is the remainder when 518014 is divided by 518004?
10
What is the remainder when 14745178 is divided by 1638351?
19
What is the remainder when 1174139 is divided by 391369?
32
Calculate the remainder when 456713 is divided by 228263.
187
What is the remainder when 3069804 is divided by 1534899?
6
Calculate the remainder when 227043 is divided by 22685.
193
Calculate the remainder when 11287214 is divided by 856.
854
What is the remainder when 19709 is divided by 1968?
29
What is the remainder when 599942 is divided by 299966?
10
Calculate the remainder when 994474198 is divided by 8828.
8826
What is the remainder when 4651427 is divided by 60?
47
What is the remainder when 92020408 is divided by 444543?
7
What is the remainder when 961770 is divided by 884?
862
What is the remainder when 7643510 is divided by 1910876?
6
What is the remainder when 75573155 is divided by 6542?
6513
What is the remainder when 7731244 is divided by 350?
94
Calculate the remainder when 43521 is divided by 21310.
901
What is the remainder when 188600 is divided by 8564?
192
Calculate the remainder when 28726439 is divided by 5175.
14
Calculate the remainder when 2454699 is divided by 112.
107
What is the remainder when 106324 is divided by 1314?
1204
What is the remainder when 2660588 is divided by 98?
84
Calculate the remainder when 27904022 is divided by 3986266.
160
Calculate the remainder when 8817087 is divided by 143.
136
Calculate the remainder when 7824500 is divided by 213.
158
What is the remainder when 59356856 is divided by 11?
9
Calculate the remainder when 23942633 is divided by 1638.
1625
What is the remainder when 865486 is divided by 586?
550
Calculate the remainder when 365810 is divided by 26127.
32
What is the remainder when 56299334 is divided by 18766442?
8
What is the remainder when 743152 is divided by 260?
72
Calculate the remainder when 130452 is divided by 40654.
8490
What is the remainder when 21026203 is divided by 40?
3
Calculate the remainder when 411950994 is divided by 125.
119
Calculate the remainder when 105892 is divided by 15068.
416
Calculate the remainder when 21166322 is divided by 529157.
42
Calculate the remainder when 330962 is divided by 135.
77
What is the remainder when 6272722 is divided by 77437?
325
What is the remainder when 46799467 is divided by 643?
641
What is the remainder when 865549897 is divided by 251?
242
Calculate the remainder when 930168 is divided by 100.
68
Calculate the remainder when 89192 is divided by 14796.
416
Calculate the remainder when 218519 is divided by 72779.
182
Calculate the remainder when 18330586 is divided by 8.
2
What is the remainder when 146741 is divided by 2330?
2281
What is the remainder when 55382 is divided by 102?
98
Calculate the remainder when 7119190 is divided by 547.
532
Calculate the remainder when 3205388 is divided by 168704.
12
What is the remainder when 721398 is divided by 1586?
1354
Calculate the remainder when 404630 is divided by 1936.
6
What is the remainder when 119918594 is divided by 406?
404
What is the remainder when 380606 is divided by 4323?
182
What is the remainder when 842106 is divided by 767?
707
Calculate the remainder when 102801 is divided by 1512.
1497
Calculate the remainder when 18478 is divided by 371.
299
What is the remainder when 143354 is divided by 15631?
2675
Calculat